 + 5*o + 57, -2*c - 37 = -3*c + o. Calculate the remainder when c is divided by 17.
15
Let g = 9 - 6. Suppose 20 = -4*b, g*b + 6 = -0*x - x. What is the remainder when 34 is divided by x?
7
Suppose -494 = -5*v - 9. Calculate the remainder when v is divided by 33.
31
Let h = -3 - -4. Suppose s - 2 = -s. Calculate the remainder when s is divided by h.
0
Suppose -5 - 4 = -3*n. Suppose -4*q - 29 = -3*u, 4*q = 3*u + 2*q - 19. Suppose 0 = -3*g + u + 21. What is the remainder when g is divided by n?
2
Let b(i) = 2*i**3 - 3*i**2 - i - 2. Calculate the remainder when b(4) is divided by 19.
17
Suppose 3*n = -2*b - 2*n + 33, -b + 4*n + 23 = 0. Suppose 0*i - 4*i = -376. Calculate the remainder when i is divided by b.
18
Let d(p) = p**2 - 5*p + 6. Let h be d(6). Let n = -6 + h. Suppose -o = o - n. Calculate the remainder when o is divided by 2.
1
Suppose 5*n - 392 = -9*n. Suppose -21 = -5*s + 19. Calculate the remainder when n is divided by s.
4
Let l = 4 - -4. Suppose 0 = -2*x - a + 22, -3*x + 0*x - a + 31 = 0. Calculate the remainder when x is divided by 30/l - (-6)/24.
1
Let t be -1*(3 + -2)*55. Let r = t + 81. Calculate the remainder when r is divided by (5/(-3))/5*-27.
8
Let o(t) = -t**2 + 3*t + 1. Let f be o(4). Let c = f + 24. Calculate the remainder when c is divided by 6.
3
Calculate the remainder when 40 is divided by 3 + (3 + 1 - -14).
19
Suppose -9*g = -55 - 233. Calculate the remainder when 61 is divided by g.
29
Let v(d) = d**3 + 7*d**2 - d - 4. Let u be v(-7). Suppose -u*r + 12 = r. Let g(y) = -y**2 + 8*y + 1. What is the remainder when g(7) is divided by r?
2
Calculate the remainder when 1/(3/74)*(-6)/(-4) is divided by 10.
7
Suppose x - 3*s = 19, 85 - 16 = 4*x - 5*s. What is the remainder when 44 is divided by x?
12
Let r(w) = -4*w**2 - w + 3. Let b be r(-3). Let a = -19 - b. Let u(z) = -z**3 + 8*z**2 + 12*z + 4. Calculate the remainder when u(9) is divided by a.
9
Let n(d) = d + 9. What is the remainder when n(6) is divided by 8?
7
Let w(q) = -4*q + 1. What is the remainder when 47 is divided by w(-4)?
13
Let i(g) = -2*g + 6. What is the remainder when 32 is divided by i(-3)?
8
Let k(v) = -v**2 - 7*v - 5. Calculate the remainder when 12 is divided by k(-4).
5
Let q(d) = 11*d - 12. What is the remainder when q(6) is divided by 28?
26
Suppose 3*b + 5*v = -b + 183, -2*v + 174 = 4*b. Let m(c) = -c**3 - c + 15. Calculate the remainder when b is divided by m(0).
12
Let x(b) be the second derivative of b**4/6 + b**2/2 + 5*b. Suppose 0 = -c - 2. What is the remainder when 16 is divided by x(c)?
7
Let p = 449 + -243. Suppose -l + p = l. Suppose -l - 117 = -4*d. What is the remainder when d is divided by 19?
17
Let k = 49 - 29. Suppose 4*y + 55 - 515 = 0. Suppose 0*n + 2*n + g = y, -5*g - 52 = -n. Calculate the remainder when n is divided by k.
17
Let m = -36 - -102. Let s = -16 + 39. What is the remainder when m is divided by s?
20
Let w(s) = 4*s - 1. What is the remainder when w(12) is divided by 25?
22
Suppose -u - 3*s - 20 = -2*u, -2*s = -5*u + 74. What is the remainder when 66 is divided by u?
10
Let l(f) = f**2 + 21*f + 24. What is the remainder when 93 is divided by l(-21)?
21
Let v = 22 - 6. What is the remainder when 28 is divided by v?
12
Let z = -1 + 13. Calculate the remainder when z is divided by -7 + 16 + 0 + -4.
2
Suppose -x + 0 = -32. Let s(t) = t**2 - 6*t + 3. Let d be s(5). What is the remainder when x is divided by ((-2 - -1) + -33)/d?
15
Suppose -5*f + 230 = 4*i, 4*f - i - 184 = i. What is the remainder when f is divided by 12?
10
Let p(l) = l**2 + 4*l + 5. Let y = -18 + 25. Calculate the remainder when y is divided by p(-4).
2
Suppose -3*h = -2*h. Suppose h = 2*b - 0*b + 186. What is the remainder when (b/(-15))/((-2)/(-10)) is divided by 8?
7
Let j = -2 + 7. Let x be 2 + j/(5/51). Suppose 2*t - x = -17. Calculate the remainder when 52 is divided by t.
16
Let b be ((-1)/(-3))/(3/(-45)). Let y = b - -12. Let z = y - 6. Calculate the remainder when z is divided by 1.
0
Let z(i) = -i**3 + 9*i**2 - 7*i + 7. Let t be z(6). Suppose t + 23 = 3*h. Suppose 6 = -2*s, 0*s + 4*s = x - h. Calculate the remainder when x is divided by 7.
6
Let z(o) = 3*o**3 + o**2 + 2. Suppose -f - 3 = -3*d, d - 5*f = -0*f - 13. What is the remainder when z(d) is divided by 12/(-5)*40/(-6)?
14
Let i = -37 - -228. What is the remainder when i is divided by 16?
15
Let n = -12 + 16. Let y = n + 7. Let u = 110 + -78. Calculate the remainder when u is divided by y.
10
Let y(j) = 78*j**2 - 4*j + 1. What is the remainder when y(1) is divided by 17?
7
Suppose -2*r = -0*r. Suppose 108 = 4*h - r*h. Calculate the remainder when 78 is divided by h.
24
Let o(u) = 6*u**3 - 2*u**2 + u - 2. Let s be 0/((-4)/2)*-1. Suppose -i + s*i + 2 = 0. Calculate the remainder when o(i) is divided by 14.
12
Suppose 110 = 5*f - 0*f. Let s = f - 14. Calculate the remainder when s is divided by (7 + 3)*(-1)/(-2).
3
Let k(l) = 9*l**2 - 1. Let h be k(-1). Calculate the remainder when 29 is divided by (h/3)/((-1)/(-6)).
13
Suppose -14*m + 6 = -11*m. Calculate the remainder when 4 is divided by m.
0
Let k(j) = j**3 - 5*j**2 + j + 4. Calculate the remainder when 26 is divided by k(5).
8
Suppose y - 7 + 3 = 0, 3*u - 5*y = 118. Calculate the remainder when 135 is divided by u.
43
Suppose -5*l + l = -100. Suppose -4*s - 5*u - 2 = -l, 5*s + 2*u = 33. Let x(h) = 2*h - 9. Calculate the remainder when 14 is divided by x(s).
4
Calculate the remainder when (-3)/2*(-96)/9 is divided by 6.
4
Suppose -4*v = -5*v + 4. Suppose -3 - 5 = -v*q. Suppose 3*l = -5*a + 31, -2*a + 7 = 5*l - 13. What is the remainder when l is divided by q?
0
Let f be (-9)/(-7) - 12/42. Suppose 5*c = -k + 4, -2*k = k - 3*c + 6. What is the remainder when 0 - (f + k + -10) is divided by 6?
4
Suppose -46 - 26 = -4*f. Suppose 2*k + 16 = -2*k, 0 = 3*r - k + 29. Let x = -6 - r. Calculate the remainder when f is divided by x.
3
Suppose 5*o + 2*o - 77 = 0. What is the remainder when 54 is divided by o?
10
Let y = 5 - 0. Suppose 38 = -2*f + y*f + 5*n, -4*n + 16 = 0. Suppose -3*x = f, 0*x + 5*x = -b - 6. Calculate the remainder when b is divided by 3.
1
Let u = 63 + -46. What is the remainder when u is divided by 11?
6
Suppose 0 = -5*z + 2*z + 66. Calculate the remainder when z is divided by 13.
9
Let j(i) = -i**2 + 3*i + 6. Let t be j(6). Let r = -16 - -22. What is the remainder when (40/t)/((-1)/3) is divided by r?
4
What is the remainder when 13 is divided by (-4)/(-10) + (-66)/(-10)?
6
Suppose 2*g = n - 6*n + 19, -3*g + 54 = -n. Let t(r) = 12*r - 6. What is the remainder when t(6) is divided by g?
15
Let x = 36 - 12. What is the remainder when x is divided by 9?
6
Suppose 0 = l - 1, 5*l = -2*q + 4*l + 35. What is the remainder when q is divided by 13?
4
Suppose 0 = -3*f + 15, 0*f = z + 4*f - 87. Suppose 3*u = 3*p + 84, -p + 47 - 144 = -4*u. What is the remainder when z is divided by u?
21
Calculate the remainder when 28 is divided by 6 - 5/15*0.
4
Suppose -u - 104 = -3*u. Suppose 5*x - 13 = u. Suppose -x = -2*r + r. What is the remainder when r is divided by 8?
5
Suppose -3*y + 91 = -4*c, -2*y - 4*c = -y - 41. Calculate the remainder when y is divided by 10.
3
Let r = 29 + -17. Let v = 12 + 22. Suppose 0*u + v = u. Calculate the remainder when u is divided by r.
10
Suppose -9*n = -133 - 308. Calculate the remainder when n is divided by 16.
1
Let z(h) = 3*h - 27. Suppose y = -0 - 1. Calculate the remainder when z(15) is divided by 10/(-3)*3*y.
8
Let b = 106 + -57. What is the remainder when b is divided by 13?
10
Suppose -x = 2*x - 51. Let g(u) be the second derivative of -u**4/12 + 5*u**3/2 - 7*u**2/2 - 2*u. Calculate the remainder when g(8) is divided by x.
15
Suppose 2*k + 10 = 2*v, 7*k + 20 = -2*v + 3*k. Suppose v = 5*w - 133 - 67. Suppose 0*r + w = 2*r. Calculate the remainder when r is divided by 7.
6
Let x be (5 + 0)*(-2)/(-5). What is the remainder when 23 is divided by 18/2 - (x - 1)?
7
Let w(x) = -5*x. Let h be w(3). Let r be 18/h*(-10)/3. Suppose c - r*a - 5 - 7 = 0, -2*c + 2*a + 54 = 0. What is the remainder when c is divided by 11?
10
Calculate the remainder when 38 is divided by (8/(-60)*-9)/(3/70).
10
Let q = 20 - 8. Suppose -q = -4*o - 0*o. Suppose -m - 2*l + 40 = o*l, 5*m - 200 = 2*l. What is the remainder when m is div